12
Calculate the remainder when 901 is divided by 24.
13
Calculate the remainder when 1196 is divided by 8.
4
What is the remainder when 342 is divided by 64?
22
Calculate the remainder when 1413 is divided by 59.
56
Calculate the remainder when 574 is divided by 154.
112
Calculate the remainder when 429 is divided by 24.
21
What is the remainder when 2292 is divided by 45?
42
Calculate the remainder when 13696 is divided by 18.
16
What is the remainder when 9263 is divided by 152?
143
What is the remainder when 113 is divided by 47?
19
What is the remainder when 103 is divided by 48?
7
What is the remainder when 249 is divided by 42?
39
What is the remainder when 35656 is divided by 63?
61
What is the remainder when 53 is divided by 11?
9
Calculate the remainder when 185 is divided by 83.
19
Calculate the remainder when 109 is divided by 49.
11
What is the remainder when 95 is divided by 37?
21
What is the remainder when 50 is divided by 30?
20
What is the remainder when 2579 is divided by 40?
19
What is the remainder when 274 is divided by 25?
24
Calculate the remainder when 286 is divided by 21.
13
Calculate the remainder when 52 is divided by 34.
18
Calculate the remainder when 1639 is divided by 20.
19
What is the remainder when 172 is divided by 41?
8
Calculate the remainder when 9202 is divided by 35.
32
Calculate the remainder when 266 is divided by 30.
26
What is the remainder when 19975 is divided by 44?
43
Calculate the remainder when 373 is divided by 34.
33
Calculate the remainder when 371 is divided by 29.
23
What is the remainder when 86 is divided by 23?
17
Calculate the remainder when 5001 is divided by 20.
1
Calculate the remainder when 724 is divided by 264.
196
Calculate the remainder when 229 is divided by 21.
19
Calculate the remainder when 1374 is divided by 86.
84
What is the remainder when 106 is divided by 12?
10
What is the remainder when 3539 is divided by 46?
43
What is the remainder when 1730 is divided by 346?
0
What is the remainder when 614 is divided by 21?
5
What is the remainder when 390 is divided by 58?
42
What is the remainder when 90 is divided by 47?
43
Calculate the remainder when 281 is divided by 40.
1
Calculate the remainder when 455 is divided by 4.
3
What is the remainder when 56 is divided by 6?
2
What is the remainder when 11 is divided by 4?
3
What is the remainder when 36 is divided by 28?
8
Calculate the remainder when 262 is divided by 47.
27
What is the remainder when 4147 is divided by 414?
7
Calculate the remainder when 1515 is divided by 16.
11
Calculate the remainder when 2153 is divided by 45.
38
What is the remainder when 53 is divided by 24?
5
Calculate the remainder when 28 is divided by 16.
12
What is the remainder when 120 is divided by 19?
6
Calculate the remainder when 753 is divided by 22.
5
Calculate the remainder when 2210 is divided by 1101.
8
What is the remainder when 326 is divided by 111?
104
What is the remainder when 183 is divided by 14?
1
What is the remainder when 137 is divided by 30?
17
What is the remainder when 540 is divided by 17?
13
What is the remainder when 65 is divided by 35?
30
Calculate the remainder when 2545 is divided by 71.
60
What is the remainder when 42 is divided by 18?
6
Calculate the remainder when 10147 is divided by 59.
58
Calculate the remainder when 208 is divided by 15.
13
What is the remainder when 301 is divided by 79?
64
Calculate the remainder when 93 is divided by 15.
3
Calculate the remainder when 177 is divided by 35.
2
Calculate the remainder when 109 is divided by 5.
4
What is the remainder when 1027 is divided by 21?
19
What is the remainder when 1287 is divided by 92?
91
What is the remainder when 5256 is divided by 112?
104
Calculate the remainder when 129 is divided by 118.
11
Calculate the remainder when 9987 is divided by 45.
42
Calculate the remainder when 76 is divided by 26.
24
What is the remainder when 123 is divided by 57?
9
Calculate the remainder when 846 is divided by 17.
13
Calculate the remainder when 918 is divided by 115.
113
Calculate the remainder when 1588 is divided by 45.
13
What is the remainder when 80 is divided by 3?
2
What is the remainder when 150 is divided by 26?
20
Calculate the remainder when 809 is divided by 81.
80
Calculate the remainder when 52 is divided by 11.
8
Calculate the remainder when 19 is divided by 11.
8
What is the remainder when 647 is divided by 10?
7
Calculate the remainder when 86 is divided by 4.
2
Calculate the remainder when 169 is divided by 10.
9
What is the remainder when 5 is divided by 5?
0
Calculate the remainder when 3196 is divided by 26.
24
Calculate the remainder when 261 is divided by 122.
17
Calculate the remainder when 1138 is divided by 104.
98
Calculate the remainder when 202 is divided by 82.
38
Calculate the remainder when 309 is divided by 8.
5
What is the remainder when 297 is divided by 110?
77
What is the remainder when 74 is divided by 43?
31
Calculate the remainder when 435 is divided by 26.
19
What is the remainder when 180 is divided by 35?
5
What is the remainder when 169 is divided by 55?
4
Calculate the remainder when 297 is divided by 50.
47
Calculate the remainder when 18 is divided by 10.
8
What is the remainder when 620 is divided by 23?
22
What is the remainder when 223 is divided by 113?
110
Calculate the remainder when 11612 is divided by 892.
16
Calculate the remainder when 16 is divided by 15.
1
Calculate the remainder when 121 is divided by 105.
16
What is the remainder when 825 is divided by 236?
117
What is the remainder when 2296 is divided by 47?
40
What is the remainder when 320 is divided by 103?
11
What is the remainder when 779 is divided by 66?
53
Calculate the remainder when 406 is divided by 56.
14
What is the remainder when 488 is divided by 218?
52
Calculate the remainder when 367 is divided by 42.
31
Calculate the remainder when 37267 is divided by 28.
27
Calculate the remainder when 792 is divided by 13.
12
Calculate the remainder when 1006 is divided by 53.
52
What is the remainder when 158 is divided by 37?
10
Calculate the remainder when 167 is divided by 43.
38
What is the remainder when 791 is divided by 616?
175
Calculate the remainder when 1713 is divided by 44.
41
Calculate the remainder when 642 is divided by 112.
82
Calculate the remainder when 179 is divided by 61.
57
What is the remainder when 150 is divided by 22?
18
Calculate the remainder when 38 is divided by 11.
5
What is the remainder when 194 is divided by 8?
2
What is the remainder when 2068 is divided by 230?
228
What is the remainder when 374 is divided by 78?
62
What is the remainder when 277 is divided by 56?
53
Calculate the remainder when 708 is divided by 141.
3
What is the remainder when 344 is divided by 70?
64
What is the remainder when 3693 is divided by 88?
85
Calculate the remainder when 506 is divided by 67.
37
What is the remainder when 596 is divided by 26?
24
What is the remainder when 200 is divided by 52?
44
What is the remainder when 234 is divided by 85?
64
What is the remainder when 1491 is divided by 52?
35
What is the remainder when 1094 is divided by 61?
57
What is the remainder when 261 is divided by 56?
37
What is the remainder when 56 is divided by 50?
6
Calculate the remainder when 572 is divided by 10.
2
Calculate the remainder when 1257 is divided by 37.
36
Calculate the remainder when 513 is divided by 251.
11
What is the remainder when 140 is divided by 25?
15
Calculate the remainder when 3933 is divided by 490.
13
What is the remainder when 206 is divided by 13?
11
What is the remainder when 77 is divided by 22?
11
Calculate the remainder when 59 is divided by 26.
7
What is the remainder when 326 is divided by 68?
54
What is the remainder when 292 is divided by 60?
52
What is the remainder when 79 is divided by 69?
10
What is the remainder when 384 is divided by 187?
10
Calculate the remainder when 1499 is divided by 75.
74
What is the remainder when 172 is divided by 133?
39
Calculate the remainder when 2201 is divided by 18.
5
Calculate the remainder when 100 is divided by 16.
4
What is the remainder when 995 is divided by 111?
107
Calculate the remainder when 117 is divided by 8.
5
What is the remainder when 31